{"id":791,"date":"2021-10-08T14:59:54","date_gmt":"2021-10-08T12:59:54","guid":{"rendered":"http:\/\/ladolcevita.co.at\/wordpress\/?page_id=791"},"modified":"2021-10-08T14:59:54","modified_gmt":"2021-10-08T12:59:54","slug":"datenschutzerklaerung","status":"publish","type":"page","link":"https:\/\/ladolcevita.co.at\/?page_id=791","title":{"rendered":"Datenschutzerkl\u00e4rung"},"content":{"rendered":"\n<p>Der Schutz Ihrer pers\u00f6nlichen Daten ist uns ein besonderes Anliegen. Wir verarbeiten Ihre Daten daher ausschlie\u00dflich auf Grundlage der gesetzlichen Bestimmungen (DSGVO, TKG 2003). In diesen Datenschutzinformationen informieren wir Sie \u00fcber die wichtigsten Aspekte der Datenverarbeitung im Rahmen unserer Website www.ladolcevita.co.at.&nbsp;<\/p>\n\n\n\n<p>Beim Besuch unserer Webseite wird Ihre IP-Adresse, Beginn und Ende der Sitzung f\u00fcr die Dauer dieser Sitzung erfasst. Dies ist technisch bedingt und stellt damit ein berechtigtes Interesse iSv Art 6 Abs 1 lit f DSGVO dar. Diese Daten werden von uns nicht weiterverarbeitet.<\/p>\n\n\n\n<h4 class=\"wp-block-heading\"><strong>Kontakt mit uns<\/strong><\/h4>\n\n\n\n<p>Wenn Sie per Formular auf der Website oder per E-Mail Kontakt mit uns aufnehmen, werden Ihre angegebenen Daten zwecks Bearbeitung der Anfrage und f\u00fcr den Fall von Anschlussfragen in unserem System gespeichert. Diese Daten geben wir nicht ohne Ihre Einwilligung weiter.&nbsp;<\/p>\n\n\n\n<h4 class=\"wp-block-heading\"><strong>Google Maps<\/strong><\/h4>\n\n\n\n<p>Diese Website benutzt Google Maps zur Darstellung eines Lageplanes. Google Maps wird von Google Inc. (\u201eGoogle\u201c) betrieben. Durch die Nutzung dieser Website erkl\u00e4ren Sie sich mit der Erfassung, Bearbeitung sowie der Nutzung der automatisch erhobenen sowie der von Ihnen eingegeben Daten durch Google, einer seiner Vertreter, oder Drittanbieter einverstanden. Die Nutzungsbedingungen f\u00fcr Google Maps finden Sie unter Nutzungsbedingungen f\u00fcr Google Maps.<\/p>\n\n\n\n<h4 class=\"wp-block-heading\"><strong>Google Datenschutz-Center und Privatsph\u00e4rencheck<\/strong><\/h4>\n\n\n\n<p>Details zur Datenschutz-Erkl\u00e4rung von Google finden Sie unter&nbsp;<a href=\"https:\/\/www.google.at\/intl\/de\/policies\/privacy\/\" target=\"_blank\" rel=\"noreferrer noopener\">https:\/\/www.google.at\/intl\/de\/policies\/privacy\/&nbsp;<\/a><br>Mit dem Google Pivatsph\u00e4rencheck unter&nbsp;<a href=\"https:\/\/myaccount.google.com\/privacycheckup\" target=\"_blank\" rel=\"noreferrer noopener\">https:\/\/myaccount.google.com\/privacycheckup<\/a>&nbsp;k\u00f6nnen Sie Ihre Datenschutz-Einstellungen bei den Produkten von Google \u00fcberpr\u00fcfen und \u00e4ndern.<\/p>\n\n\n\n<h4 class=\"wp-block-heading\"><strong>Social Media-Plug-Ins<\/strong><\/h4>\n\n\n\n<p>\u00dcber die Social-Icons k\u00f6nnen Sie eine direkte Verbindung zu definierten Social-Media-Anbietern aufnehmen. Eine Weitergabe von personenbezogenen Daten erfolgt erst bei Klick auf die Social-Icons.<\/p>\n\n\n\n<h4 class=\"wp-block-heading\"><strong>Ihre Rechte<\/strong><\/h4>\n\n\n\n<p>Ihnen stehen bez\u00fcglich Ihrer bei uns gespeicherten Daten&nbsp;grunds\u00e4tzlich die Rechte auf Auskunft, Berichtigung, L\u00f6schung, Einschr\u00e4nkung, Daten\u00fcbertragbarkeit, Widerruf und Widerspruch zu. Wenn Sie glauben, dass die Verarbeitung Ihrer Daten gegen das Datenschutzrecht verst\u00f6\u00dft oder Ihre datenschutzrechtlichen Anspr\u00fcche sonst in einer Weise verletzt worden sind, k\u00f6nnen Sie sich bei uns&nbsp;oder der Datenschutzbeh\u00f6rde beschweren.<\/p>\n\n\n\n<h4 class=\"wp-block-heading\"><strong>Sie erreichen uns unter folgenden Kontaktdaten:<\/strong><\/h4>\n\n\n\n<p>La dolce vita &#8211; Italienischer Wohnstil<br>TEL. 02862 52695&nbsp;&nbsp; &#8211;&nbsp;&nbsp; MOBIL 0664 104 36 64<br><a href=\"mailto:WOHNSTIL@LADOLCEVITA.CO.AT\">WOHNSTIL@LADOLCEVITA.CO.AT<\/a><\/p>\n","protected":false},"excerpt":{"rendered":"<p>Der Schutz Ihrer pers\u00f6nlichen Daten ist uns ein besonderes Anliegen. Wir verarbeiten Ihre Daten daher ausschlie\u00dflich auf Grundlage der gesetzlichen Bestimmungen (DSGVO, TKG 2003). In diesen Datenschutzinformationen informieren wir Sie \u00fcber die wichtigsten Aspekte der Datenverarbeitung im Rahmen unserer Website www.ladolcevita.co.at.&nbsp; Beim Besuch unserer Webseite wird Ihre IP-Adresse, Beginn und Ende der Sitzung f\u00fcr die [&hellip;]<\/p>\n","protected":false},"author":1,"featured_media":0,"parent":0,"menu_order":0,"comment_status":"closed","ping_status":"closed","template":"","meta":[],"_links":{"self":[{"href":"https:\/\/ladolcevita.co.at\/index.php?rest_route=\/wp\/v2\/pages\/791"}],"collection":[{"href":"https:\/\/ladolcevita.co.at\/index.php?rest_route=\/wp\/v2\/pages"}],"about":[{"href":"https:\/\/ladolcevita.co.at\/index.php?rest_route=\/wp\/v2\/types\/page"}],"author":[{"embeddable":true,"href":"https:\/\/ladolcevita.co.at\/index.php?rest_route=\/wp\/v2\/users\/1"}],"replies":[{"embeddable":true,"href":"https:\/\/ladolcevita.co.at\/index.php?rest_route=%2Fwp%2Fv2%2Fcomments&post=791"}],"version-history":[{"count":1,"href":"https:\/\/ladolcevita.co.at\/index.php?rest_route=\/wp\/v2\/pages\/791\/revisions"}],"predecessor-version":[{"id":792,"href":"https:\/\/ladolcevita.co.at\/index.php?rest_route=\/wp\/v2\/pages\/791\/revisions\/792"}],"wp:attachment":[{"href":"https:\/\/ladolcevita.co.at\/index.php?rest_route=%2Fwp%2Fv2%2Fmedia&parent=791"}],"curies":[{"name":"wp","href":"https:\/\/api.w.org\/{rel}","templated":true}]}}