{"id":305,"date":"2021-09-27T18:12:54","date_gmt":"2021-09-27T18:12:54","guid":{"rendered":"http:\/\/ladolcevita.co.at\/wordpress\/?page_id=305"},"modified":"2024-02-23T17:35:52","modified_gmt":"2024-02-23T16:35:52","slug":"sortiment","status":"publish","type":"page","link":"https:\/\/ladolcevita.co.at\/?page_id=305","title":{"rendered":"Sortiment"},"content":{"rendered":"<div data-colibri-id=\"305-c1\" class=\"style-336 style-local-305-c1 position-relative\">\n  <!---->\n  <div data-colibri-component=\"section\" data-colibri-id=\"305-c2\" id=\"about-5\" class=\"h-section h-section-global-spacing d-flex align-items-lg-center align-items-md-center align-items-center style-607 style-local-305-c2 position-relative\">\n    <!---->\n    <!---->\n    <div class=\"h-section-grid-container h-section-boxed-container\">\n      <!---->\n      <div data-colibri-id=\"305-c3\" class=\"h-row-container gutters-row-lg-0 gutters-row-md-0 gutters-row-0 gutters-row-v-lg-0 gutters-row-v-md-0 gutters-row-v-0 style-608 style-local-305-c3 position-relative\">\n        <!---->\n        <div class=\"h-row justify-content-lg-center justify-content-md-center justify-content-center align-items-lg-stretch align-items-md-stretch align-items-stretch gutters-col-lg-0 gutters-col-md-0 gutters-col-0 gutters-col-v-lg-0 gutters-col-v-md-0 gutters-col-v-0\">\n          <!---->\n          <div class=\"h-column h-column-container d-flex h-col-lg-6 h-col-md-6 h-col-12 style-609-outer style-local-305-c4-outer\">\n            <div data-colibri-id=\"305-c4\" class=\"d-flex h-flex-basis h-column__inner h-px-lg-0 h-px-md-0 h-px-0 v-inner-lg-0 v-inner-md-0 v-inner-0 style-609 style-local-305-c4 position-relative\">\n              <!---->\n              <!---->\n              <div class=\"w-100 h-y-container h-column__content h-column__v-align flex-basis-100 align-self-lg-start align-self-md-start align-self-start\">\n                <!---->\n                <div data-colibri-id=\"305-c5\" class=\"h-global-transition-all h-heading style-611 style-local-305-c5 position-relative h-element\">\n                  <!---->\n                  <div class=\"h-heading__outer style-611 style-local-305-c5\">\n                    <!---->\n                    <!---->\n                    <h2 class=\"\">Hochwertige&nbsp;<em style=\"font-family: &quot;Playfair Display&quot;;\"><br><\/em>\n                      <a href=\"https:\/\/ladolcevita.co.at?page_id=1188\" style=\"font-family: &quot;Playfair Display&quot;; font-size: 133%; color: rgb(244, 155, 3);\"><em>Fliesen<\/em><\/a>\n                      <a href=\"https:\/\/ladolcevita.co.at?page_id=1188\" style=\"font-size: 133%;\">&nbsp;<\/a>im klassischen und modernen Stil.<\/h2>\n                  <\/div>\n                <\/div>\n                <div data-colibri-id=\"305-c6\" class=\"h-text h-text-component style-612 style-local-305-c6 position-relative h-element\">\n                  <!---->\n                  <!---->\n                  <div class=\"\">\n                    <p>\n                      <a href=\"https:\/\/ladolcevita.co.at?page_id=1188\" style=\"color: rgb(23, 37, 42); font-family: &quot;Open Sans&quot;; font-size: 16px; font-weight: 600;\">SIE SIND AUF DER SUCHE NACH EINER PASSENDEN FLIESE? DANN SIND SIE BEI UNS GENAU RICHTIG.<\/a>\n                    <\/p>\n                  <\/div>\n                <\/div>\n              <\/div>\n            <\/div>\n          <\/div>\n          <div class=\"h-column h-column-container d-flex h-col-lg-6 h-col-md-6 h-col-12 style-613-outer style-local-305-c7-outer\">\n            <div data-colibri-id=\"305-c7\" class=\"d-flex h-flex-basis h-column__inner h-ui-empty-state-container h-px-lg-2 h-px-md-2 h-px-2 v-inner-lg-2 v-inner-md-2 v-inner-2 style-613 style-local-305-c7 position-relative\">\n              <!---->\n              <!---->\n              <div class=\"w-100 h-y-container h-column__content h-column__v-align flex-basis-100\">\n                <!---->\n              <\/div>\n            <\/div>\n          <\/div>\n        <\/div>\n      <\/div>\n    <\/div>\n  <\/div>\n  <div data-colibri-component=\"section\" data-colibri-id=\"305-c8\" id=\"about-6\" class=\"h-section h-section-global-spacing d-flex align-items-lg-center align-items-md-center align-items-center style-614 style-local-305-c8 position-relative\">\n    <!---->\n    <!---->\n    <div class=\"h-section-grid-container h-section-boxed-container\">\n      <!---->\n      <div data-colibri-id=\"305-c9\" class=\"h-row-container gutters-row-lg-0 gutters-row-md-0 gutters-row-0 gutters-row-v-lg-0 gutters-row-v-md-0 gutters-row-v-0 style-615 style-local-305-c9 position-relative\">\n        <!---->\n        <div class=\"h-row justify-content-lg-center justify-content-md-center justify-content-center align-items-lg-stretch align-items-md-stretch align-items-stretch gutters-col-lg-0 gutters-col-md-0 gutters-col-0 gutters-col-v-lg-0 gutters-col-v-md-0 gutters-col-v-0\">\n          <!---->\n          <div class=\"h-column h-column-container d-flex h-col-lg-6 h-col-md-6 h-col-12 style-616-outer style-local-305-c10-outer\">\n            <div data-colibri-id=\"305-c10\" class=\"d-flex h-flex-basis h-column__inner h-ui-empty-state-container h-px-lg-0 h-px-md-0 h-px-0 v-inner-lg-0 v-inner-md-0 v-inner-0 style-616 style-local-305-c10 position-relative\">\n              <!---->\n              <!---->\n              <div class=\"w-100 h-y-container h-column__content h-column__v-align flex-basis-100\">\n                <!---->\n              <\/div>\n            <\/div>\n          <\/div>\n          <div class=\"h-column h-column-container d-flex h-col-lg-6 h-col-md-6 h-col-12 style-617-outer style-local-305-c11-outer\">\n            <div data-colibri-id=\"305-c11\" class=\"d-flex h-flex-basis h-column__inner h-px-lg-2 h-px-md-2 h-px-2 v-inner-lg-2 v-inner-md-2 v-inner-2 style-617 style-local-305-c11 position-relative\">\n              <!---->\n              <!---->\n              <div class=\"w-100 h-y-container h-column__content h-column__v-align flex-basis-100 align-self-lg-start align-self-md-start align-self-start\">\n                <!---->\n                <div data-colibri-id=\"305-c12\" class=\"h-global-transition-all h-heading style-619 style-local-305-c12 position-relative h-element\">\n                  <!---->\n                  <div class=\"h-heading__outer style-619 style-local-305-c12\">\n                    <!---->\n                    <!---->\n                    <h2 class=\"\">Top aktuelle\n                      <a href=\"https:\/\/ladolcevita.co.at?page_id=1064\" style=\"font-family: &quot;Playfair Display&quot;; color: rgb(244, 155, 3); font-size: 133%;\"><em>italienische<br>K\u00fcchen<\/em><\/a>, Qualit\u00e4t, die \u00fcberzeugt.<\/h2>\n                  <\/div>\n                <\/div>\n                <div data-colibri-id=\"305-c13\" class=\"h-text h-text-component style-620 style-local-305-c13 position-relative h-element\">\n                  <!---->\n                  <!---->\n                  <div class=\"\">\n                    <p>\n                      <a href=\"https:\/\/ladolcevita.co.at?page_id=1064\" style=\"color: rgb(23, 37, 42); font-family: &quot;Open Sans&quot;; font-size: 16px; font-weight: 600;\">LASSEN SIE IHRE NEUE TRAUMK\u00dcCHE BEI UNS PROFESSIONELL PLANEN.<\/a>&nbsp;<\/p>\n                  <\/div>\n                <\/div>\n              <\/div>\n            <\/div>\n          <\/div>\n        <\/div>\n      <\/div>\n    <\/div>\n  <\/div>\n  <div data-colibri-component=\"section\" data-colibri-id=\"305-c14\" id=\"about-2\" class=\"h-section h-section-global-spacing d-flex align-items-lg-center align-items-md-center align-items-center style-625 style-local-305-c14 position-relative\">\n    <!---->\n    <!---->\n    <div class=\"h-section-grid-container h-section-boxed-container\">\n      <!---->\n      <div data-colibri-id=\"305-c15\" class=\"h-row-container gutters-row-lg-0 gutters-row-md-0 gutters-row-0 gutters-row-v-lg-0 gutters-row-v-md-0 gutters-row-v-0 style-626 style-local-305-c15 position-relative\">\n        <!---->\n        <div class=\"h-row justify-content-lg-center justify-content-md-center justify-content-center align-items-lg-stretch align-items-md-stretch align-items-stretch gutters-col-lg-0 gutters-col-md-0 gutters-col-0 gutters-col-v-lg-0 gutters-col-v-md-0 gutters-col-v-0\">\n          <!---->\n          <div class=\"h-column h-column-container d-flex h-col-lg-6 h-col-md-6 h-col-12 style-627-outer style-local-305-c16-outer\">\n            <div data-colibri-id=\"305-c16\" class=\"d-flex h-flex-basis h-column__inner h-px-lg-0 h-px-md-0 h-px-0 v-inner-lg-0 v-inner-md-0 v-inner-0 style-627 style-local-305-c16 position-relative\">\n              <!---->\n              <!---->\n              <div class=\"w-100 h-y-container h-column__content h-column__v-align flex-basis-100 align-self-lg-start align-self-md-start align-self-start\">\n                <!---->\n                <div data-colibri-id=\"305-c17\" class=\"h-global-transition-all h-heading style-629 style-local-305-c17 position-relative h-element\">\n                  <!---->\n                  <div class=\"h-heading__outer style-629 style-local-305-c17\">\n                    <!---->\n                    <!---->\n                    <h2 class=\"\">Traumhafte\n                      <a href=\"https:\/\/ladolcevita.co.at?page_id=1135\" style=\"font-size: 133%; font-family: &quot;Playfair Display&quot;; color: rgb(244, 155, 3);\"><em>Badezimmer <\/em><\/a>in erster Qualit\u00e4t zu top g\u00fcnstigen Preisen.<\/h2>\n                  <\/div>\n                <\/div>\n                <div data-colibri-id=\"305-c18\" class=\"h-text h-text-component style-630 style-local-305-c18 position-relative h-element\">\n                  <!---->\n                  <!---->\n                  <div class=\"\">\n                    <p>\n                      <a href=\"https:\/\/ladolcevita.co.at?page_id=1135\" style=\"color: rgb(23, 37, 42); font-family: &quot;Open Sans&quot;; font-size: 16px; font-weight: 600;\">MACHEN SIE IHR BAD ZU EINER OASE DES WOHLF\u00dcHLENS.<\/a>\n                    <\/p>\n                  <\/div>\n                <\/div>\n              <\/div>\n            <\/div>\n          <\/div>\n          <div class=\"h-column h-column-container d-flex h-col-lg-6 h-col-md-6 h-col-12 style-631-outer style-local-305-c19-outer\">\n            <div data-colibri-id=\"305-c19\" class=\"d-flex h-flex-basis h-column__inner h-ui-empty-state-container h-px-lg-2 h-px-md-2 h-px-2 v-inner-lg-2 v-inner-md-2 v-inner-2 style-631 style-local-305-c19 position-relative\">\n              <!---->\n              <!---->\n              <div class=\"w-100 h-y-container h-column__content h-column__v-align flex-basis-100\">\n                <!---->\n              <\/div>\n            <\/div>\n          <\/div>\n        <\/div>\n      <\/div>\n    <\/div>\n  <\/div>\n  <div data-colibri-component=\"section\" data-colibri-id=\"305-c20\" id=\"about-4\" class=\"h-section h-section-global-spacing d-flex align-items-lg-center align-items-md-center align-items-center style-632 style-local-305-c20 position-relative\">\n    <!---->\n    <!---->\n    <div class=\"h-section-grid-container h-section-boxed-container\">\n      <!---->\n      <div data-colibri-id=\"305-c21\" class=\"h-row-container gutters-row-lg-0 gutters-row-md-0 gutters-row-0 gutters-row-v-lg-0 gutters-row-v-md-0 gutters-row-v-0 style-633 style-local-305-c21 position-relative\">\n        <!---->\n        <div class=\"h-row justify-content-lg-center justify-content-md-center justify-content-center align-items-lg-stretch align-items-md-stretch align-items-stretch gutters-col-lg-0 gutters-col-md-0 gutters-col-0 gutters-col-v-lg-0 gutters-col-v-md-0 gutters-col-v-0\">\n          <!---->\n          <div class=\"h-column h-column-container d-flex h-col-lg-6 h-col-md-6 h-col-12 style-634-outer style-local-305-c22-outer\">\n            <div data-colibri-id=\"305-c22\" class=\"d-flex h-flex-basis h-column__inner h-ui-empty-state-container h-px-lg-0 h-px-md-0 h-px-0 v-inner-lg-0 v-inner-md-0 v-inner-0 style-634 style-local-305-c22 position-relative\">\n              <!---->\n              <!---->\n              <div class=\"w-100 h-y-container h-column__content h-column__v-align flex-basis-100\">\n                <!---->\n              <\/div>\n            <\/div>\n          <\/div>\n          <div class=\"h-column h-column-container d-flex h-col-lg-6 h-col-md-6 h-col-12 style-635-outer style-local-305-c23-outer\">\n            <div data-colibri-id=\"305-c23\" class=\"d-flex h-flex-basis h-column__inner h-px-lg-2 h-px-md-2 h-px-2 v-inner-lg-2 v-inner-md-2 v-inner-2 style-635 style-local-305-c23 position-relative\">\n              <!---->\n              <!---->\n              <div class=\"w-100 h-y-container h-column__content h-column__v-align flex-basis-100 align-self-lg-start align-self-md-start align-self-start\">\n                <!---->\n                <div data-colibri-id=\"305-c24\" class=\"h-global-transition-all h-heading style-637 style-local-305-c24 position-relative h-element\">\n                  <!---->\n                  <div class=\"h-heading__outer style-637 style-local-305-c24\">\n                    <!---->\n                    <!---->\n                    <h2 class=\"\">Ansprechend, bequem, zeitlos sch\u00f6n. <span style=\"font-family: &quot;Playfair Display&quot;; color: rgb(244, 155, 3);\"> <\/span><em style=\"font-family: &quot;Playfair Display&quot;; color: rgb(244, 155, 3); font-size: 133%;\">Sitzgarnituren<\/em>\n                      <em\n                        style=\"font-size: 133%;\"> <\/em>und <em style=\"font-family: &quot;Playfair Display&quot;; color: rgb(244, 155, 3); font-size: 133%;\">Polsterm\u00f6bel<\/em>.<\/h2>\n                  <\/div>\n                <\/div>\n                <div data-colibri-id=\"305-c25\" class=\"h-text h-text-component style-638 style-local-305-c25 position-relative h-element\">\n                  <!---->\n                  <!---->\n                  <div class=\"\">\n                    <p><span style=\"font-weight: 600; font-size: 16px; font-family: &quot;Open Sans&quot;; color: rgb(23, 37, 42);\">QUALIT\u00c4T, DIE MAN SICH LEISTEN KANN.&nbsp;<\/span><\/p>\n                  <\/div>\n                <\/div>\n              <\/div>\n            <\/div>\n          <\/div>\n        <\/div>\n      <\/div>\n    <\/div>\n  <\/div>\n  <div data-colibri-component=\"section\" data-colibri-id=\"305-c26\" id=\"about-7\" class=\"h-section h-section-global-spacing d-flex align-items-lg-center align-items-md-center align-items-center style-639 style-local-305-c26 position-relative\">\n    <!---->\n    <!---->\n    <div class=\"h-section-grid-container h-section-boxed-container\">\n      <!---->\n      <div data-colibri-id=\"305-c27\" class=\"h-row-container gutters-row-lg-0 gutters-row-md-0 gutters-row-0 gutters-row-v-lg-0 gutters-row-v-md-0 gutters-row-v-0 style-640 style-local-305-c27 position-relative\">\n        <!---->\n        <div class=\"h-row justify-content-lg-center justify-content-md-center justify-content-center align-items-lg-stretch align-items-md-stretch align-items-stretch gutters-col-lg-0 gutters-col-md-0 gutters-col-0 gutters-col-v-lg-0 gutters-col-v-md-0 gutters-col-v-0\">\n          <!---->\n          <div class=\"h-column h-column-container d-flex h-col-lg-6 h-col-md-6 h-col-12 style-641-outer style-local-305-c28-outer\">\n            <div data-colibri-id=\"305-c28\" class=\"d-flex h-flex-basis h-column__inner h-px-lg-0 h-px-md-0 h-px-0 v-inner-lg-0 v-inner-md-0 v-inner-0 style-641 style-local-305-c28 position-relative\">\n              <!---->\n              <!---->\n              <div class=\"w-100 h-y-container h-column__content h-column__v-align flex-basis-100 align-self-lg-start align-self-md-start align-self-start\">\n                <!---->\n                <div data-colibri-id=\"305-c29\" class=\"h-global-transition-all h-heading style-643 style-local-305-c29 position-relative h-element\">\n                  <!---->\n                  <div class=\"h-heading__outer style-643 style-local-305-c29\">\n                    <!---->\n                    <!---->\n                    <h2 class=\"\">\n                      <a href=\"https:\/\/ladolcevita.co.at?page_id=1232\" style=\"font-family: &quot;Playfair Display&quot;; color: rgb(244, 155, 3); font-size: 133%;\"><em>Gartenartikel<\/em><\/a><span style=\"font-family: &quot;Playfair Display&quot;; color: rgb(244, 155, 3);\"> <\/span>und\n                      <a href=\"https:\/\/ladolcevita.co.at?page_id=1232\" style=\"font-family: &quot;Playfair Display&quot;; color: rgb(244, 155, 3); font-size: 133%;\"><em>Ziergegen-st\u00e4nde<\/em><\/a><span style=\"font-family: &quot;Playfair Display&quot;;\"> <\/span>aus echtem Marmorguss.<\/h2>\n                  <\/div>\n                <\/div>\n                <div data-colibri-id=\"305-c30\" class=\"h-text h-text-component style-644 style-local-305-c30 position-relative h-element\">\n                  <!---->\n                  <!---->\n                  <div class=\"\">\n                    <p>\n                      <a href=\"https:\/\/ladolcevita.co.at?page_id=1232\" style=\"color: rgb(23, 37, 42); font-family: &quot;Open Sans&quot;; font-size: 16px; font-weight: 600;\">BRINGEN SIE MEDITERRANES FLAIR IN IHREN GARTEN.<\/a>\n                    <\/p>\n                  <\/div>\n                <\/div>\n              <\/div>\n            <\/div>\n          <\/div>\n          <div class=\"h-column h-column-container d-flex h-col-lg-6 h-col-md-6 h-col-12 style-645-outer style-local-305-c31-outer\">\n            <div data-colibri-id=\"305-c31\" class=\"d-flex h-flex-basis h-column__inner h-ui-empty-state-container h-px-lg-2 h-px-md-2 h-px-2 v-inner-lg-2 v-inner-md-2 v-inner-2 style-645 style-local-305-c31 position-relative\">\n              <!---->\n              <!---->\n              <div class=\"w-100 h-y-container h-column__content h-column__v-align flex-basis-100\">\n                <!---->\n              <\/div>\n            <\/div>\n          <\/div>\n        <\/div>\n      <\/div>\n    <\/div>\n  <\/div>\n<\/div>","protected":false},"excerpt":{"rendered":"<p>Hochwertige&nbsp; Fliesen &nbsp;im klassischen und modernen Stil. SIE SIND AUF DER SUCHE NACH EINER PASSENDEN FLIESE? DANN SIND SIE BEI UNS GENAU RICHTIG. Top aktuelle italienischeK\u00fcchen, Qualit\u00e4t, die \u00fcberzeugt. LASSEN SIE IHRE NEUE TRAUMK\u00dcCHE BEI UNS PROFESSIONELL PLANEN.&nbsp; Traumhafte Badezimmer in erster Qualit\u00e4t zu top g\u00fcnstigen Preisen. MACHEN SIE IHR BAD ZU EINER OASE DES [&hellip;]<\/p>\n","protected":false},"author":1,"featured_media":0,"parent":0,"menu_order":0,"comment_status":"closed","ping_status":"closed","template":"page-templates\/full-width-page.php","meta":[],"_links":{"self":[{"href":"https:\/\/ladolcevita.co.at\/index.php?rest_route=\/wp\/v2\/pages\/305"}],"collection":[{"href":"https:\/\/ladolcevita.co.at\/index.php?rest_route=\/wp\/v2\/pages"}],"about":[{"href":"https:\/\/ladolcevita.co.at\/index.php?rest_route=\/wp\/v2\/types\/page"}],"author":[{"embeddable":true,"href":"https:\/\/ladolcevita.co.at\/index.php?rest_route=\/wp\/v2\/users\/1"}],"replies":[{"embeddable":true,"href":"https:\/\/ladolcevita.co.at\/index.php?rest_route=%2Fwp%2Fv2%2Fcomments&post=305"}],"version-history":[{"count":20,"href":"https:\/\/ladolcevita.co.at\/index.php?rest_route=\/wp\/v2\/pages\/305\/revisions"}],"predecessor-version":[{"id":1620,"href":"https:\/\/ladolcevita.co.at\/index.php?rest_route=\/wp\/v2\/pages\/305\/revisions\/1620"}],"wp:attachment":[{"href":"https:\/\/ladolcevita.co.at\/index.php?rest_route=%2Fwp%2Fv2%2Fmedia&parent=305"}],"curies":[{"name":"wp","href":"https:\/\/api.w.org\/{rel}","templated":true}]}}